7
Let v(g) = -g + 9. Let t be v(6). Suppose 32 = -t*z + 5*z. What is the highest common factor of 4 and z?
4
Suppose 3*r - 9 = 2*h, -r - h = 2*h - 14. Suppose 4*m - 160 = -4*u, 44 = 4*m - r*u - 80. Calculate the highest common divisor of 9 and m.
9
Let o = 14 - 8. Let a = -3 + 4. Suppose 3*s + 5*g = -2, 2*g - a = -9. What is the highest common factor of s and o?
6
Let u be ((-2)/3)/(2/(-150)). Let z = 72 + -48. Let w be (z/30)/(2/25). What is the highest common factor of u and w?
10
Suppose -5*r + 20 = -r. Let f = r - 2. What is the greatest common divisor of 27 and f?
3
Let o be 3/(-5)*-4*5. Suppose -12 - o = -3*t. Calculate the greatest common divisor of t and 64.
8
Let f be (0 + -1)/1 - -22. Let v = -9 + 12. Calculate the greatest common factor of f and v.
3
Let n be ((-30)/(-6))/(2/32). What is the highest common factor of 20 and n?
20
Let d(k) = 5*k**2 - 2*k + 3 - 4*k**2 - k. Let h be d(4). Calculate the greatest common factor of 28 and h.
7
Let k be (6/4)/(6/8). Let l be k*(3/6)/(-1). Let b be 1 + -1 + l - -9. What is the greatest common divisor of 1 and b?
1
Let h = -12 + 21. Let y be (12/18)/(2/27). Calculate the greatest common divisor of h and y.
9
Suppose z - 145 = 2*b, b = 5*z + 2*b - 769. Calculate the greatest common divisor of z and 17.
17
Suppose 19 = 3*n - 2. Let v = 21 + 32. Suppose -3*l = 2*l + 3*r - v, 5*r + n = -l. What is the highest common divisor of 91 and l?
13
Suppose -52 = -8*y + 116. What is the highest common factor of 231 and y?
21
Let p be 3 + 3 + (-14)/(-2) - 2. What is the greatest common divisor of p and 121?
11
Let z = 74 - 14. Calculate the greatest common factor of z and 20.
20
Let s = 10 + 3. Suppose -z = -0*z - s. Suppose 0 = r - 0*r - z. Calculate the highest common factor of 52 and r.
13
Suppose -15 = -2*g + 21. Let b = -57 - -63. What is the highest common factor of b and g?
6
Suppose 0 = 5*c + 2 - 12. Suppose -c*o - 5*w + 35 = 0, o - 2*w = -o + 42. Let m = -10 + o. Calculate the highest common divisor of 30 and m.
10
Suppose 4 + 2 = 3*u - 5*b, -5*b = 0. Suppose g + 4*d = 12, g + 0*d = -u*d + 12. Calculate the highest common divisor of g and 3.
3
Let l be (-4)/10 + (-4080)/(-75). Suppose 10 = -m + l. Calculate the greatest common factor of m and 4.
4
Let r = -32 - -62. What is the greatest common divisor of r and 60?
30
Let w(q) = -q**3 + 8*q**2 - 4*q + 7. Let l be w(8). Let o = l - -51. Let u = 23 - 10. Calculate the highest common divisor of o and u.
13
Suppose 0 = -4*z - z. Suppose -4*t + t + 3*x = -24, z = -t + 5*x + 16. What is the greatest common factor of 12 and t?
6
Let r(d) = 71*d + 3. Let n be r(2). Calculate the greatest common divisor of n and 58.
29
Suppose 3*s + 2*s = -2*r + 726, -2*s + r = -285. Calculate the highest common divisor of 96 and s.
48
Suppose -88 = 8*y - 360. Calculate the greatest common divisor of y and 238.
34
Let h be 4/(-22) + 36/330*20. Suppose r = 3*r - 20. Let j be (-164)/(-10) - 4/r. What is the greatest common divisor of h and j?
2
Let x(b) = 5*b**2 - 2*b + 1. Let r be x(1). Let m = -2 + 12. What is the highest common divisor of m and r?
2
Suppose 3*g + 2*g = 35. Calculate the highest common factor of g and 28.
7
Let j = 77 + -73. What is the highest common divisor of 28 and j?
4
Let q be (171/(-38))/(2/(-4)). Calculate the highest common divisor of q and 9.
9
Suppose 6*j = -2*j + 264. What is the highest common factor of 99 and j?
33
Let j = 7 - 5. Let s be (-3 + -5 + j)*-4. Calculate the greatest common divisor of s and 6.
6
Suppose t - 2 = -j, -5*t - 8 = -0*j - j. Suppose 4*b - 32 = -0*b - 4*g, 2*b - j*g = -4. Calculate the greatest common factor of 10 and b.
2
Let h be (3186/(-24) - 0)/(2/(-8)). Calculate the greatest common divisor of h and 59.
59
Suppose -22*s = -18*s - 48. Calculate the highest common divisor of s and 96.
12
Suppose 3*a = n - 21, 0*n - n - 4*a = 0. Suppose n - 48 = -2*o. Let h = 28 + -16. Calculate the highest common factor of o and h.
6
Let t(v) = -v + 8. Let p be t(5). Let n = 6 - p. Calculate the highest common divisor of n and 33.
3
Let c(g) = -9*g**2 + 18*g + 18. Let p(j) = 5*j**2 - 9*j - 9. Let z(u) = 4*c(u) + 7*p(u). Let y be z(7). Calculate the highest common divisor of y and 23.
23
Let i(g) = -g**3 + 6*g**2 + 3*g. Let a be i(3). Calculate the highest common divisor of 90 and a.
18
Suppose 3*r = -4*u - 2*r + 46, 5*r = u + 1. Let p = 11 + -17. Let z(y) = -12*y - 9. Let k be z(p). What is the greatest common factor of k and u?
9
Let s(r) = 5*r - 6. Let t be s(2). Calculate the highest common factor of 1 and t.
1
Suppose 0 = 4*q + q + 80. Let j = q + 33. Calculate the greatest common factor of 136 and j.
17
Let r be (-43)/(-9) - 24/(-108). Suppose y = -4*p + 149, 4 = r*p - y - 171. What is the highest common divisor of p and 9?
9
Suppose -4*a - 29 - 31 = 0. Let c be ((-2)/(-3))/((-5)/a). Suppose 0*q - 180 = -c*q. Calculate the highest common factor of q and 10.
10
Let q be 3/4*100/1. Let b be 2/(-3)*-5*-12. Let z = -10 - b. Calculate the highest common factor of q and z.
15
Suppose 4*i - 75 = -5*u, -113 + 31 = -3*u + 5*i. What is the highest common divisor of 171 and u?
19
Suppose -4*x + 0*x = 0. Suppose x = 3*o - 33 - 33. What is the highest common divisor of o and 110?
22
Suppose -3*r + 3 = -2*b - 30, -r = -b - 12. Suppose -3*i = 3*d - 252, -5*i + 3*i = 3*d - 249. Calculate the highest common divisor of d and r.
9
Let v(f) = -f**3 + 13*f**2 - 10*f - 8. Let k be v(12). Suppose n - 2*a - 66 = 0, 13 + 246 = 4*n - 3*a. Calculate the highest common divisor of k and n.
16
Suppose 0*n - 2*n = -36. What is the greatest common divisor of 9 and n?
9
Let j(l) = -l + 8. Let d be j(8). Suppose -5*y + 5*h + 165 = d, 2*h - 15 = 7*h. Calculate the greatest common divisor of y and 10.
10
Suppose 0 = 2*o + 2*o - 16. Suppose 5*u - 206 = -2*n + 9, o*u - 3*n = 195. Suppose -2*v = 3*v - u. What is the greatest common factor of v and 63?
9
Let w be (-4)/(-10) + 43/5. Let o = -6 + w. Let h = 33 + o. What is the highest common factor of h and 12?
12
Let g be 4/4*105 - (3 - 0). Calculate the greatest common divisor of g and 34.
34
Suppose -7 = -5*b + 4*o + 48, 4*b = -5*o + 44. Calculate the greatest common factor of b and 11.
11
Let x(u) = u. Let j be x(7). What is the highest common divisor of 77 and j?
7
Suppose 2*h = -2*h + 12. Suppose 109 = 6*q + 55. What is the highest common divisor of h and q?
3
Suppose -g + 4*g - 12 = 0. Calculate the highest common factor of 28 and g.
4
Let k be (-9)/15 + 56/10. Suppose -80 = 3*v + v. Let u be (-4)/10 - 28/v. Calculate the highest common factor of u and k.
1
Suppose 6*p - 10*p = -40. Suppose 14 = 2*j - 36. What is the highest common factor of p and j?
5
Let g = 65 - 42. Calculate the highest common divisor of 184 and g.
23
Let b be (-16)/6 + (-8)/(-12). Suppose z - 5*i = -18, 0 = -4*z + 2*i - 27 + 9. Let t be b - (2 + z) - -5. Calculate the highest common factor of 10 and t.
2
Let a = 8 - 13. Let q(h) = 9*h - 2. Let f(r) = -r**2 + 17*r - 5. Let g(o) = -3*f(o) + 5*q(o). Let t be g(a). Calculate the greatest common divisor of 10 and t.
10
Let v = 341 - 187. What is the greatest common divisor of 14 and v?
14
Suppose -5*u + 4*u = -3. Let a(p) = -u - 3*p**3 + 4*p - 3*p**2 + 2*p**3 + 4. Let x be a(-4). What is the greatest common factor of 11 and x?
1
Let k be (-18)/36 + 122/4. Calculate the greatest common factor of k and 24.
6
Let i(y) = -4*y + 2 + 0*y + 0*y + 0*y + y**2. Let w be i(5). Suppose w = 4*d - 105. What is the highest common factor of 14 and d?
14
Let l(p) = p**2 - 6*p - 22. Let z be l(11). What is the greatest common factor of z and 33?
33
Suppose -7 = s + 5*f, -2*s - f + 11 = 4*f. Calculate the highest common divisor of 36 and s.
18
Let v(i) = i**2 - i - 11. Let n be v(6). What is the highest common factor of n and 209?
19
Suppose -9 = -2*l - i, 11 = 3*l + 2*i - i. Suppose -l*w = 3*w - 80. Calculate the highest common factor of 80 and w.
16
Let b = -17 + 13. Let m be (-16)/20*10/b. What is the greatest common factor of m and 18?
2
Suppose 315 = -d + 6*d. Let k(o) = -o**3 - 7*o**2 - 5*o + 13. Let q be k(-6). Calculate the highest common divisor of q and d.
7
Let s = 5 - 3. Suppose 0 = -5*o + s*o + 42. What is the greatest common divisor of o and 28?
14
Let h = 167 - 157. What is the highest common factor